{"id":94,"date":"2025-12-04T17:09:24","date_gmt":"2025-12-04T17:09:24","guid":{"rendered":"https:\/\/ontheboat.fr\/?page_id=94"},"modified":"2025-12-16T14:47:36","modified_gmt":"2025-12-16T14:47:36","slug":"elementor-page-94","status":"publish","type":"page","link":"https:\/\/ontheboat.fr\/?page_id=94","title":{"rendered":"Les Swing Folies"},"content":{"rendered":"\t\t<div data-elementor-type=\"wp-page\" data-elementor-id=\"94\" class=\"elementor elementor-94\">\n\t\t\t\t<div class=\"elementor-element elementor-element-9648614 e-flex e-con-boxed e-con e-parent\" data-id=\"9648614\" data-element_type=\"container\">\n\t\t\t\t\t<div class=\"e-con-inner\">\n\t\t\t\t<div class=\"elementor-element elementor-element-dfa1b1e elementor-widget elementor-widget-heading\" data-id=\"dfa1b1e\" data-element_type=\"widget\" data-widget_type=\"heading.default\">\n\t\t\t\t\t<h2 class=\"elementor-heading-title elementor-size-default\">Les Swing Folies <\/h2>\t\t\t\t<\/div>\n\t\t\t\t\t<\/div>\n\t\t\t\t<\/div>\n\t\t<div class=\"elementor-element elementor-element-c76cf95 e-flex e-con-boxed e-con e-parent\" data-id=\"c76cf95\" data-element_type=\"container\">\n\t\t\t\t\t<div class=\"e-con-inner\">\n\t\t<div class=\"elementor-element elementor-element-497433b e-con-full e-flex e-con e-child\" data-id=\"497433b\" data-element_type=\"container\">\n\t\t\t\t<div class=\"elementor-element elementor-element-f1d1c52 elementor-widget elementor-widget-image\" data-id=\"f1d1c52\" data-element_type=\"widget\" data-widget_type=\"image.default\">\n\t\t\t\t\t\t\t\t\t\t\t\t\t\t\t<img fetchpriority=\"high\" decoding=\"async\" width=\"800\" height=\"534\" src=\"https:\/\/ontheboat.fr\/wp-content\/uploads\/2025\/12\/4V0A7544-1024x683.jpg\" class=\"attachment-large size-large wp-image-102\" alt=\"\" srcset=\"https:\/\/ontheboat.fr\/wp-content\/uploads\/2025\/12\/4V0A7544-1024x683.jpg 1024w, https:\/\/ontheboat.fr\/wp-content\/uploads\/2025\/12\/4V0A7544-300x200.jpg 300w, https:\/\/ontheboat.fr\/wp-content\/uploads\/2025\/12\/4V0A7544-768x512.jpg 768w\" sizes=\"(max-width: 800px) 100vw, 800px\" \/>\t\t\t\t\t\t\t\t\t\t\t\t\t\t\t<\/div>\n\t\t\t\t<\/div>\n\t\t<div class=\"elementor-element elementor-element-662d1be e-con-full e-flex e-con e-child\" data-id=\"662d1be\" data-element_type=\"container\">\n\t\t\t\t<div class=\"elementor-element elementor-element-06866c5 elementor-widget elementor-widget-text-editor\" data-id=\"06866c5\" data-element_type=\"widget\" data-widget_type=\"text-editor.default\">\n\t\t\t\t\t\t\t\t\t<p style=\"color: #ffffff !important; font-size: 16px; line-height: 1.5;\">Coupe banane, robes \u00e0 pois qui virevoltent, chauss\u00e8rent polis, noues pap&rsquo; et fleur boutonn\u00e9e \u00e0 la chemise, c&rsquo;est ainsi que se pr\u00e9sente les Swing Folies.<\/p>\n<p style=\"color: #ffffff !important; font-size: 16px; line-height: 1.5;\">\u00a0C&rsquo;est la fin de la crise (de 29!), le Swing est n\u00e9, il est temps de danser maintenant ! <p style=\"color: #ffffff !important; font-size: 16px; line-height: 1.5;\">Guitare jazz et contredrum, une chanteuse brune, une autre rousse, le combo propose de piocher dans le r\u00e9pertoire de ses idoles pour assurer l&rsquo;ambiance : Johnny Hess, Peggy Lee, Charles Tr\u00e9net, Boris Vian, Andrew Sisters et bien d&rsquo;autres grandes ic\u00f4nes du Swing font partie du tour de chant.<p style=\"color: #ffffff !important; font-size: 16px; line-height: 1.5;\">La set list, entrecoup\u00e9e de quelques dr\u00f4les de sketches, invite les zazous sur la piste dans un joyeux bazar d&rsquo;harmonies \u00e0 deux voix, et envoie une avalanche de tubes tomb\u00e9s dans la m\u00e9moire collective du Swing&rsquo;n&rsquo;Roll d&rsquo;anthologie&#8230;\t\t\t\t\t\t\t\t<\/div>\n\t\t\t\t<\/div>\n\t\t\t\t\t<\/div>\n\t\t\t\t<\/div>\n\t\t<div class=\"elementor-element elementor-element-2485421 e-flex e-con-boxed e-con e-parent\" data-id=\"2485421\" data-element_type=\"container\">\n\t\t\t\t\t<div class=\"e-con-inner\">\n\t\t\t\t<div class=\"elementor-element elementor-element-5f91fa4 elementor-widget elementor-widget-video\" data-id=\"5f91fa4\" data-element_type=\"widget\" data-settings=\"{&quot;youtube_url&quot;:&quot;https:\\\/\\\/www.youtube.com\\\/watch?v=Vs0NLE-ZH9g&quot;,&quot;video_type&quot;:&quot;youtube&quot;,&quot;controls&quot;:&quot;yes&quot;}\" data-widget_type=\"video.default\">\n\t\t\t\t\t\t\t<div class=\"elementor-wrapper elementor-open-inline\">\n\t\t\t<div class=\"elementor-video\"><\/div>\t\t<\/div>\n\t\t\t\t\t\t<\/div>\n\t\t\t\t\t<\/div>\n\t\t\t\t<\/div>\n\t\t\t\t<\/div>\n\t\t","protected":false},"excerpt":{"rendered":"<p>Les Swing Folies Coupe banane, robes \u00e0 pois qui virevoltent, chauss\u00e8rent polis, noues pap&rsquo; et fleur boutonn\u00e9e \u00e0 la chemise, c&rsquo;est ainsi que se pr\u00e9sente les Swing Folies. \u00a0C&rsquo;est la fin de la crise (de 29!), le Swing est n\u00e9, il est temps de danser maintenant ! Guitare jazz et contredrum, une chanteuse brune, une [&hellip;]<\/p>\n","protected":false},"author":1,"featured_media":0,"parent":0,"menu_order":0,"comment_status":"closed","ping_status":"closed","template":"","meta":{"footnotes":""},"class_list":["post-94","page","type-page","status-publish","hentry"],"_links":{"self":[{"href":"https:\/\/ontheboat.fr\/index.php?rest_route=\/wp\/v2\/pages\/94","targetHints":{"allow":["GET"]}}],"collection":[{"href":"https:\/\/ontheboat.fr\/index.php?rest_route=\/wp\/v2\/pages"}],"about":[{"href":"https:\/\/ontheboat.fr\/index.php?rest_route=\/wp\/v2\/types\/page"}],"author":[{"embeddable":true,"href":"https:\/\/ontheboat.fr\/index.php?rest_route=\/wp\/v2\/users\/1"}],"replies":[{"embeddable":true,"href":"https:\/\/ontheboat.fr\/index.php?rest_route=%2Fwp%2Fv2%2Fcomments&post=94"}],"version-history":[{"count":20,"href":"https:\/\/ontheboat.fr\/index.php?rest_route=\/wp\/v2\/pages\/94\/revisions"}],"predecessor-version":[{"id":232,"href":"https:\/\/ontheboat.fr\/index.php?rest_route=\/wp\/v2\/pages\/94\/revisions\/232"}],"wp:attachment":[{"href":"https:\/\/ontheboat.fr\/index.php?rest_route=%2Fwp%2Fv2%2Fmedia&parent=94"}],"curies":[{"name":"wp","href":"https:\/\/api.w.org\/{rel}","templated":true}]}}